 0*d + 1/24*d**4 + 1/2*d**3 + 2*d**2. What is the units digit of o(-2)?
5
Let w(c) = 5*c - 63. Let z be w(13). Suppose -3*f = -3, -3*h + 5*h + z*f - 526 = 0. What is the hundreds digit of h?
2
Let k = -1530 - -1072. Let x = 682 + k. What is the units digit of x?
4
Suppose 2*q + 15 = 239. What is the units digit of q?
2
Let z be 2 - 0 - 606/(-6). Suppose -v + 2*u + 89 + z = 0, u = v - 195. What is the tens digit of v?
9
Let w(y) = -y**3 - 3*y**2 + 7*y + 6. Let d be w(-4). Let i = -10 - d. What is the units digit of 3 - (6/(-2) - i)?
2
Suppose 0 = -6*p + 10*p - 68. Suppose 15 = -h + p. What is the units digit of h?
2
Let j(a) = a**2 + 3*a + 4. Let o be j(-3). Suppose -2*w = -w + v - o, 0 = 3*w - 4*v - 40. Let m = 18 - w. What is the units digit of m?
0
Suppose -c + 3*k = -101, -2*k + 226 = 4*c - 2*c. What is the units digit of c/4*(-36)/(-30)?
3
Suppose 2*w + 31 = -13. Let a = w + 21. What is the units digit of (a + (-4)/(-8))*-40?
0
Let q = 216 - -36. What is the units digit of q?
2
Let d = 142 + -104. What is the tens digit of d?
3
Suppose 3*g - 4*f + 5 = 0, 2*f + 30 = 5*g + 3*f. Suppose g*k + 4*l = 0, 5*l = -0*k + 3*k - 37. What is the tens digit of -106*((-14)/k + 3)?
5
Let l = -7 + 7. Suppose l = -3*r + 4*r - 2. Suppose 0 = r*n - 4*n + 48. What is the tens digit of n?
2
What is the hundreds digit of (-1830)/(-12) + 0 + 3/(-6)?
1
Let c be (-10)/35 + 2/7. Let q be (1 - c) + 3 + -6. What is the units digit of 2/((q/1)/(-4))?
4
Suppose -4*s = 4*m - 705 - 3423, -4*s - 12 = 0. What is the thousands digit of m?
1
Let h(i) be the third derivative of i**4/12 + 23*i**3/6 - 12*i**2. Let o be h(-10). Suppose 2*y - 4*u - 49 = -5*u, 2*u + 63 = o*y. What is the tens digit of y?
2
Let m be -2 + (-4668)/(-16) - (-1)/4. Suppose -3*u + m = v, -2*v - 99 = -2*u + u. What is the tens digit of u?
9
What is the units digit of (-29340)/(-27) + 4/(-6)?
6
Let t(a) = 24*a**3 + a**2 - 8*a + 2. What is the hundreds digit of t(4)?
5
Let z(w) = 17*w - 71. Suppose 3*a + 2*q = 29, 0 = -4*a + q + 8 + 16. What is the tens digit of z(a)?
4
Let j(i) = -17*i**3 - 3*i**2 + 3*i + 2. Let v be j(-3). Let r = -284 + v. What is the units digit of r?
1
Let w(m) = m**2 + 2*m + 3. Let u be w(-8). Suppose -u = -3*o + 45. What is the units digit of o?
2
Let x = -371 + 787. What is the units digit of x?
6
Suppose -131 = 8*r - 35. What is the tens digit of (51/r)/((-1)/4)?
1
Suppose 2*k - 7 = -1. Let w be k + 2 + 1 + -1. Suppose -w*a - j - 4 = -94, 3*j = -2*a + 49. What is the units digit of a?
7
Suppose 91*b = 33*b + 94598. What is the thousands digit of b?
1
Suppose 195 = 2*k - 201. Let y = k - 118. What is the tens digit of y?
8
Suppose 4*i + 4266 = 3*w, -5*w - 7*i = -10*i - 7099. What is the units digit of w?
8
Let h(t) = -171*t - 15. Let o(x) = 86*x + 7. Let d(j) = -3*h(j) - 5*o(j). What is the hundreds digit of d(2)?
1
Let a(k) = 4*k**2 - 4*k - 18. What is the units digit of a(8)?
6
Let n(r) be the second derivative of r**4/12 + 11*r**3/6 - 3*r**2/2 - r. What is the tens digit of n(-13)?
2
Let y(t) = t - 5. Let c be y(4). Let u = -16 + 16. What is the units digit of (7 - u) + 0 - c?
8
Suppose -l + 5 = 5*j + 28, -4*j = -l + 13. Let z(q) = -2*q**3 - 4*q**2 + 5*q + 1. What is the units digit of z(j)?
5
Suppose -678*f + 684*f = 7872. What is the tens digit of f?
1
Let y = 45 - 41. Suppose 15 = 3*s - 0*m - 2*m, 4*s = -y*m. What is the units digit of s?
3
Let q(z) be the first derivative of -93*z**2/2 - 5*z - 14. What is the units digit of q(-1)?
8
Let b be -3 + 0 - -27 - 3. Suppose b + 21 = 3*h. What is the tens digit of h?
1
Suppose -62*g = -57*g - 10. What is the hundreds digit of (-3553)/(-22) + (-5)/g?
1
Suppose -475 = -3*q + 3206. What is the tens digit of q?
2
Suppose 3*k = 6*k + 54. Let z = k + 39. Suppose 2*i = 123 - z. What is the tens digit of i?
5
Suppose 3*q + 3*c = 8*q + 3, 0 = 5*c - 5. Suppose q = 6*j - 3*j - 108. What is the units digit of j?
6
Let v = -129 - -215. Suppose -23 = -3*n - 2*m + 106, 2*n - v = 2*m. Suppose 4 = k, 2*y - 93 - n = 2*k. What is the units digit of y?
2
What is the units digit of 4066/4 - (-162)/(-108)?
5
Let k be (-175)/(-10)*-2*1/1. Let j = 74 + k. What is the tens digit of j?
3
Suppose 0 = -3*x + 5*a + 69, -4*x = 2*a - a - 92. Let y = -22 + x. What is the units digit of y?
1
Let n(q) = -q + 6. Let k be n(-6). Suppose -2*t + k = t. Suppose -6 + 18 = 4*m, m - 51 = -t*j. What is the units digit of j?
2
Suppose 8*q - 3*q = m + 2715, 2715 = 5*q - 2*m. Suppose f + 2*f - q = 0. What is the tens digit of f?
8
Suppose -n = -5*g - 148, 0 = 5*n - 0*g + g - 662. Let q = n + -8. What is the hundreds digit of q?
1
Let k(c) = -2*c + 6. Let w = -6 + 8. Let d be k(w). What is the units digit of (-3)/1 + d + 2?
1
Suppose -2*k + 20 + 9 = -5*z, -5*k + 3*z + 25 = 0. Suppose -r - 6*a + 68 = -k*a, 2*r = a + 172. What is the units digit of r?
4
Suppose -n = -191 - 524. What is the tens digit of n?
1
Suppose 4*z + 16 = -160. Let m = -3 - 14. Let u = m - z. What is the tens digit of u?
2
Let r = 1166 - 687. What is the tens digit of r?
7
What is the thousands digit of (-5 - (-754)/(-6))/((-4)/156)?
5
Suppose 1702 + 1473 = 5*z. What is the units digit of z?
5
Suppose -2896 - 2316 = -4*o. What is the hundreds digit of o?
3
Let d be (-6*1 - 4) + -4. Let h = d + 20. What is the tens digit of ((-30)/4)/(h/(-8))?
1
Suppose 1563 = 7*b - 8552. What is the hundreds digit of b?
4
Suppose f + 10*f = 7249. What is the units digit of f?
9
Suppose -3*w - w = 4. What is the units digit of (1 - 33)/(-1) + 3/w?
9
Let a be 27*(-2 + (-32)/(-12)). Suppose -15*i + a*i = 72. What is the tens digit of i?
2
Suppose -2*d + 77 = 3*g, 167 = 5*d + g - 2*g. Let k = d + -6. What is the tens digit of k?
2
Let t(m) = 2*m**2 + 16*m - 2. Let u be t(-13). Suppose -112 = -2*j + u. What is the units digit of j?
0
Suppose 5*j = 3*g + 29, -5*j = g - 12 - 5. Let k be -3 + (154*-3)/(-2). Suppose -3*t + k = 4*n + t, -j*t = -5*n + 267. What is the tens digit of n?
5
Let b be (-8)/(-2 + (-15)/(-9)). Let g be (-1 + 4)*b/18. Let f(o) = 2*o**2 - 2*o + 8. What is the units digit of f(g)?
2
Let j(g) = -g**3 + 6*g**2 - 7*g + 9. Let o be j(5). Let f be (o/2)/(2/(-4)). What is the tens digit of (-58)/(-4)*(3 + f)?
5
Suppose -5*k - 23 = 2*h, -3*h = k + 2*k + 12. Let r be (-68)/(-16)*(5 - h). Let o = r - -30. What is the units digit of o?
7
Suppose 5*d - 31 = 5*q + 14, -d + 2*q + 13 = 0. Suppose d*m - 306 = -m. What is the units digit of m?
1
Let p = 3 + 2. Let f(o) = p + 5 - 2*o - 13 - 13. What is the tens digit of f(-14)?
1
Suppose 2*h + 3*a = 948, -5*h = -3*a - 2904 + 513. What is the hundreds digit of h?
4
Suppose 0 = -h - 0*b + 3*b + 16, -4*b = 0. Suppose -11*s = -h*s + 245. What is the units digit of s?
9
Let s = -73 - 175. Let h = -172 - s. What is the tens digit of h?
7
Let j = 323 + -215. Let q be (-2)/(-4) + 1/(-2). Suppose 5*h + 38 - j = -2*k, q = 3*h - 4*k - 16. What is the tens digit of h?
1
Suppose 32*i + 407 = 11159. What is the hundreds digit of i?
3
Let l(q) = q**2 + 5. Let f be l(5). Suppose -u + 3*x + f + 13 = 0, u + 4*x = 29. Let d = u - 26. What is the units digit of d?
1
Let r = -10 - -12. Suppose -40 = -y - r. Let i = y + -6. What is the units digit of i?
2
Let l(u) be the second derivative of -20*u**3/3 - 5*u**2 - 11*u. What is the tens digit of l(-2)?
7
What is the hundreds digit of (0/1)/(-3) + (-2 - -528)?
5
Suppose 5*u = 5*f - 2995, u + 288 = 2*f - 905. What is the hundreds digit of f?
5
Suppose 20*f - 139 = 3521. What is the hundreds digit of f?
1
Suppose -5*o = -74 - 66. What is the units digit of o/(-21)*(-9)/2?
6
Let a = 8 - 5. Let m(l) = -a*l**2 + 2*l**2 - 3*l - 2*l. What is the units digit of m(-3)?
6
Let j(r) = r**3 - 47*r**2 + 86*r + 3. What is the tens digit of j(46)?
4
Let r(c) = -158 + 10*c**2 + 6*c + 5*c**2 + 9*c - c**3 + 133. What is the hundreds digit of r(15)?
2
Suppose 5*f - 9*f = -20. Suppose -t = -0 + f, r - 3*t - 130 = 0. Let j = r + -78. What is the units digit of j?
7
Let r(f) = 55*f + 160. What is the units digit of r(10)?
0
Suppose -9*k - 8*k + 3621 = 0. What is the hundreds digit of k?
2
Let u(v) = -v**2 - 7. Let y be u(5). Let g = 43 + y. What is the tens digit of g?
1
Let d(y) = y + 37. Let c be d(-9). Suppose -r - c = -146. What is the tens digit of r?
1
Let u(z) = -14